t of 1132?
1
What is the hundreds digit of 20089?
0
What is the thousands digit of 13969?
3
What is the units digit of 27737?
7
What is the hundreds digit of 1523?
5
What is the thousands digit of 6103?
6
What is the tens digit of 79193?
9
What is the ten thousands digit of 10551?
1
What is the thousands digit of 34783?
4
What is the tens digit of 94054?
5
What is the ten thousands digit of 10403?
1
What is the tens digit of 69857?
5
What is the thousands digit of 5055?
5
What is the units digit of 112?
2
What is the tens digit of 1693?
9
What is the hundreds digit of 6720?
7
What is the tens digit of 390?
9
What is the tens digit of 7644?
4
What is the hundreds digit of 3905?
9
What is the hundreds digit of 3193?
1
What is the thousands digit of 2174?
2
What is the hundreds digit of 1856?
8
What is the tens digit of 98846?
4
What is the hundreds digit of 21675?
6
What is the units digit of 25?
5
What is the hundreds digit of 28787?
7
What is the hundreds digit of 2780?
7
What is the tens digit of 21416?
1
What is the hundreds digit of 135?
1
What is the thousands digit of 73038?
3
What is the units digit of 1376?
6
What is the ten thousands digit of 62149?
6
What is the ten thousands digit of 26300?
2
What is the units digit of 19571?
1
What is the hundreds digit of 2613?
6
What is the tens digit of 16221?
2
What is the units digit of 2406?
6
What is the units digit of 845?
5
What is the units digit of 485?
5
What is the hundreds digit of 1166?
1
What is the hundreds digit of 12516?
5
What is the hundreds digit of 11612?
6
What is the hundreds digit of 2929?
9
What is the units digit of 31851?
1
What is the units digit of 16742?
2
What is the tens digit of 5346?
4
What is the hundreds digit of 4804?
8
What is the units digit of 362?
2
What is the hundreds digit of 1805?
8
What is the thousands digit of 6512?
6
What is the tens digit of 2014?
1
What is the units digit of 1178?
8
What is the units digit of 951?
1
What is the tens digit of 60095?
9
What is the thousands digit of 35252?
5
What is the tens digit of 2359?
5
What is the tens digit of 782?
8
What is the thousands digit of 10002?
0
What is the thousands digit of 1242?
1
What is the units digit of 2911?
1
What is the units digit of 900?
0
What is the tens digit of 866?
6
What is the thousands digit of 1636?
1
What is the units digit of 78311?
1
What is the ten thousands digit of 17127?
1
What is the tens digit of 9335?
3
What is the hundreds digit of 2759?
7
What is the hundreds digit of 6048?
0
What is the tens digit of 467?
6
What is the units digit of 1579?
9
What is the tens digit of 852?
5
What is the hundreds digit of 2808?
8
What is the units digit of 64843?
3
What is the tens digit of 623?
2
What is the tens digit of 1320?
2
What is the tens digit of 49874?
7
What is the units digit of 423?
3
What is the tens digit of 302?
0
What is the thousands digit of 1520?
1
What is the hundreds digit of 2073?
0
What is the hundreds digit of 13394?
3
What is the hundreds digit of 948?
9
What is the tens digit of 314?
1
What is the hundreds digit of 34602?
6
What is the thousands digit of 1465?
1
What is the thousands digit of 2271?
2
What is the tens digit of 46293?
9
What is the thousands digit of 4253?
4
What is the units digit of 1193?
3
What is the units digit of 1174?
4
What is the hundreds digit of 2795?
7
What is the hundreds digit of 786?
7
What is the ten thousands digit of 46583?
4
What is the tens digit of 84891?
9
What is the thousands digit of 9934?
9
What is the thousands digit of 14887?
4
What is the hundreds digit of 2228?
2
What is the units digit of 421?
1
What is the thousands digit of 2643?
2
What is the units digit of 18826?
6
What is the tens digit of 13435?
3
What is the tens digit of 15635?
3
What is the thousands digit of 54273?
4
What is the units digit of 2962?
2
What is the tens digit of 73?
7
What is the hundreds digit of 1439?
4
What is the units digit of 11580?
0
What is the units digit of 4401?
1
What is the units digit of 963?
3
What is the units digit of 5274?
4
What is the tens digit of 9252?
5
What is the units digit of 39396?
6
What is the ten thousands digit of 61866?
6
What is the thousands digit of 1581?
1
What is the hundreds digit of 3569?
5
What is the ten thousands digit of 31805?
3
What is the units digit of 8498?
8
What is the units digit of 600?
0
What is the tens digit of 6286?
8
What is the hundreds digit of 24706?
7
What is the hundreds digit of 14065?
0
What is the hundreds digit of 2215?
2
What is the thousands digit of 25219?
5
What is the thousands digit of 12767?
2
What is the ten thousands digit of 12362?
1
What is the tens digit of 388?
8
What is the units digit of 1259?
9
What is the ten thousands digit of 16412?
1
What is the hundreds digit of 3052?
0
What is the thousands digit of 1646?
1
What is the hundreds digit of 633?
6
What is the hundreds digit of 29268?
2
What is the tens digit of 41358?
5
What is the units digit of 6813?
3
What is the ten thousands digit of 96209?
9
What is the thousands digit of 1367?
1
What is the units digit of 18632?
2
What is the units digit of 64957?
7
What is the units digit of 3560?
0
What is the tens digit of 44386?
8
What is the thousands digit of 10186?
0
What is the units digit of 2069?
9
What is the ten thousands digit of 64536?
6
What is the ten thousands digit of 34293?
3
What is the tens digit of 7270?
7
What is the units digit of 5381?
1
What is the units digit of 26265?
5
What is the thousands digit of 13460?
3
What is the tens digit of 1886?
8
What is the hundreds digit of 10529?
5
What is the units digit of 4147?
7
What is the tens digit of 388?
8
What is the hundreds digit of 1285?
2
What is the thousands digit of 117831?
7
What is the tens digit of 1448?
4
What is the thousands digit of 1203?
1
What is the tens digit of 324?
2
What is the units digit of 20675?
5
What is the hundreds digit of 23014?
0
What is the units digit of 5692?
2
What is the units digit of 18369?
9
What is the hundreds digit of 11008?
0
What is the units digit of 28119?
9
What is the hundreds digit of 1097?
0
What is the units digit of 5666?
6
What is the thousands digit of 3644?
3
What is the thousands digit of 8842?
8
What is the units digit of 1948?
8
What is the thousands digit of 9641?
9
What is the ten thousands digit of 63751?
6
What is the ten thousands digit of 22314?
2
What is the thousands digit of 7842?
7
What is the units digit of 3733?
3
What is the units digit of 5182?
2
What is the hundreds digit of 4076?
0
What is the ten thousands digit of 27437?
2
What is the tens digit of 657?
5
What is the thousands digit of 4712?
4
What is the tens digit of 29267?
6
What is the ten thousands digit of 14501?
1
What is the units digit of 819?
9
What is the units digit of 8479?
9
What is the tens digit of 3581?
8
What is the units digit of 2910?
0
What is the tens digit of 16495?
9
What is the units digit of 592?
2
What is the tens digit of 201?
0
What is the units digit of 51729?
9
What is the units digit of 92?
2
What is the hundreds digit of 1466?
4
What is the tens digit of 878?
7
What is the units digit of 269?
9
What is the units digit of 1715?
5
What is the thousands digit of 8258?
8
What is the thousands digit of 1836?
1
What is the hundreds digit of 7513?
5
What is the thousands digit of 14816?
4
What is the tens digit of 123?
2
What is the thousands digit of 3758?
3
What is the thousands digit of 20501?
0
What is the thousands digit of 42124?
2
What is the units digit of 35?
5
What is the tens digit of 31788?
8
What is the units digit of 1050?
0
What is the ten thousands digit of 15451?
1
What is the units digit of 609?
9
What is the tens digit of 335?
3
What is the thousands digit of 3181?
3
What is the units digit of 6052?
2
What is the ten thousands digit of 10245?
1
What is the tens digit of 1151?
5
What is the thousands digit of 28795?
8
What is the tens digit of 5388?
8
What is the tens digit of 100992?
9
What is the units digit of 1907?
7
What is the tens digit of 2733?
3
What is the hundreds digit of 3406?
4
What is the units digit of 19703?
3
What is the hundreds digit of 867?
8
What is the units digit of 1219?
9
What is the hundreds digit of 15264?
2
What is the tens digit of 8763?
6
W